 is the remainder when 9999 is divided by 1419?
66
Calculate the remainder when 1807 is divided by 591.
34
Calculate the remainder when 1027630 is divided by 112.
30
Calculate the remainder when 12675 is divided by 552.
531
What is the remainder when 13209 is divided by 12?
9
Calculate the remainder when 407582 is divided by 407580.
2
Calculate the remainder when 1873660 is divided by 503.
488
What is the remainder when 9598 is divided by 57?
22
Calculate the remainder when 7345 is divided by 906.
97
What is the remainder when 1773 is divided by 1385?
388
What is the remainder when 2762 is divided by 688?
10
Calculate the remainder when 49414 is divided by 5485.
49
Calculate the remainder when 99103 is divided by 2202.
13
What is the remainder when 17309 is divided by 87?
83
What is the remainder when 1710 is divided by 408?
78
Calculate the remainder when 290406 is divided by 480.
6
Calculate the remainder when 5156 is divided by 271.
7
Calculate the remainder when 26090 is divided by 745.
15
What is the remainder when 93502 is divided by 2749?
36
Calculate the remainder when 60500 is divided by 60291.
209
What is the remainder when 7189 is divided by 834?
517
Calculate the remainder when 189417 is divided by 164.
161
What is the remainder when 404 is divided by 129?
17
What is the remainder when 8920 is divided by 1089?
208
Calculate the remainder when 21863 is divided by 26.
23
What is the remainder when 7193 is divided by 205?
18
What is the remainder when 12036 is divided by 316?
28
What is the remainder when 3965 is divided by 3276?
689
Calculate the remainder when 39657 is divided by 76.
61
What is the remainder when 4806 is divided by 146?
134
Calculate the remainder when 659 is divided by 298.
63
What is the remainder when 265370 is divided by 94?
8
Calculate the remainder when 1098481 is divided by 13.
7
Calculate the remainder when 61652 is divided by 161.
150
What is the remainder when 8606 is divided by 86?
6
Calculate the remainder when 411630 is divided by 482.
2
Calculate the remainder when 136127 is divided by 193.
62
What is the remainder when 10725 is divided by 754?
169
Calculate the remainder when 5033 is divided by 252.
245
Calculate the remainder when 404 is divided by 138.
128
Calculate the remainder when 71537 is divided by 23.
7
Calculate the remainder when 4028 is divided by 306.
50
What is the remainder when 22644 is divided by 134?
132
What is the remainder when 4283 is divided by 818?
193
What is the remainder when 16377 is divided by 8152?
73
What is the remainder when 852 is divided by 222?
186
Calculate the remainder when 53736 is divided by 560.
536
Calculate the remainder when 99429 is divided by 122.
121
Calculate the remainder when 78049 is divided by 446.
445
Calculate the remainder when 49175 is divided by 9.
8
What is the remainder when 895 is divided by 645?
250
What is the remainder when 42186 is divided by 287?
284
What is the remainder when 87734 is divided by 2924?
14
Calculate the remainder when 34895 is divided by 223.
107
Calculate the remainder when 6726 is divided by 3295.
136
What is the remainder when 8568 is divided by 658?
14
What is the remainder when 19124 is divided by 1194?
20
What is the remainder when 36334 is divided by 7234?
164
What is the remainder when 662813 is divided by 16?
13
What is the remainder when 2686 is divided by 60?
46
What is the remainder when 6972 is divided by 2007?
951
What is the remainder when 351902 is divided by 37?
32
Calculate the remainder when 10105 is divided by 273.
4
What is the remainder when 23968 is divided by 44?
32
Calculate the remainder when 616729 is divided by 501.
499
What is the remainder when 155899 is divided by 3897?
19
Calculate the remainder when 32687 is divided by 10643.
758
What is the remainder when 3435 is divided by 132?
3
What is the remainder when 52116 is divided by 17369?
9
What is the remainder when 11575 is divided by 143?
135
Calculate the remainder when 4287 is divided by 1092.
1011
Calculate the remainder when 304849 is divided by 6486.
7
What is the remainder when 25529 is divided by 258?
245
What is the remainder when 5082 is divided by 902?
572
Calculate the remainder when 216900 is divided by 21690.
0
Calculate the remainder when 227698 is divided by 33.
31
What is the remainder when 15887 is divided by 64?
15
What is the remainder when 255806 is divided by 32?
30
Calculate the remainder when 118304 is divided by 240.
224
Calculate the remainder when 3590 is divided by 1118.
236
What is the remainder when 16633 is divided by 4150?
33
Calculate the remainder when 248056 is divided by 8268.
16
What is the remainder when 1405 is divided by 8?
5
What is the remainder when 117735 is divided by 208?
7
What is the remainder when 1269554 is divided by 339?
338
Calculate the remainder when 164343 is divided by 54770.
33
Calculate the remainder when 674 is divided by 20.
14
Calculate the remainder when 26794 is divided by 26767.
27
What is the remainder when 55801 is divided by 117?
109
What is the remainder when 821 is divided by 55?
51
Calculate the remainder when 10674477 is divided by 79.
76
Calculate the remainder when 24486 is divided by 81.
24
Calculate the remainder when 119563 is divided by 47.
42
What is the remainder when 127233 is divided by 89?
52
What is the remainder when 2769 is divided by 51?
15
What is the remainder when 99820 is divided by 107?
96
Calculate the remainder when 2779 is divided by 657.
151
Calculate the remainder when 80834 is divided by 51.
50
What is the remainder when 71297 is divided by 58?
15
Calculate the remainder when 17358 is divided by 223.
187
What is the remainder when 295256 is divided by 111?
107
Calculate the remainder when 110801 is divided by 249.
245
Calculate the remainder when 1213168 is divided by 70.
68
What is the remainder when 25240 is divided by 789?
781
Calculate the remainder when 2993 is divided by 1470.
53
What is the remainder when 12940 is divided by 1192?
1020
Calculate the remainder when 7137 is divided by 69.
30
Calculate the remainder when 11463 is divided by 43.
25
Calculate the remainder when 244767 is divided by 21.
12
What is the remainder when 15176 is divided by 42?
14
What is the remainder when 99431 is divided by 2924?
15
Calculate the remainder when 476 is divided by 254.
222
Calculate the remainder when 768 is divided by 678.
90
What is the remainder when 118689 is divided by 278?
261
What is the remainder when 33179 is divided by 832?
731
Calculate the remainder when 15644 is divided by 9.
2
Calculate the remainder when 2382 is divided by 48.
30
Calculate the remainder when 185275 is divided by 12.
7
What is the remainder when 17774 is divided by 481?
458
Calculate the remainder when 545 is divided by 285.
260
Calculate the remainder when 159458 is divided by 11.
2
Calculate the remainder when 12494 is divided by 973.
818
What is the remainder when 6440 is divided by 364?
252
What is the remainder when 200248 is divided by 9?
7
What is the remainder when 556 is divided by 268?
20
Calculate the remainder when 2196 is divided by 100.
96
Calculate the remainder when 1657 is divided by 535.
52
What is the remainder when 6796 is divided by 1350?
46
What is the remainder when 2114 is divided by 1958?
156
Calculate the remainder when 6731 is divided by 66.
65
Calculate the remainder when 44450 is divided by 193.
60
Calculate the remainder when 2932 is divided by 227.
208
Calculate the remainder when 107968 is divided by 13496.
0
Calculate the remainder when 237840 is divided by 23783.
10
Calculate the remainder when 4177 is divided by 7.
5
What is the remainder when 1434 is divided by 156?
30
Calculate the remainder when 1237 is divided by 155.
152
What is the remainder when 94461 is divided by 38?
31
What is the remainder when 7460 is divided by 627?
563
Calculate the remainder when 3671 is divided by 15.
11
What is the remainder when 3269693 is divided by 93?
92
Calculate the remainder when 25434 is divided by 265.
259
What is the remainder when 2416931 is divided by 59?
55
Calculate the remainder when 104466 is divided by 5.
1
What is the remainder when 29805 is divided by 4253?
34
Calculate the remainder when 48335 is divided by 20.
15
Calculate 